NOAA-Style Climate Reports

Select a Year or Month report
2017: Jan Feb Mar Apr May Jun Jul Aug Sep Oct Nov Dec
2016: Jan Feb Mar Apr May Jun Jul Aug Sep Oct Nov Dec
2015: Jan Feb Mar Apr May Jun Jul Aug Sep Oct Nov Dec
2014: Jan Feb Mar Apr May Jun Jul Aug Sep Oct Nov Dec
2013: Jan Feb Mar Apr May Jun Jul Aug Sep Oct Nov Dec

Report for 2013 December
                   Monthly Climatological Summary for Dec 2013

Name: BeeWeather.com   City: West Central Crenshaw County   State: Alabama
Elevation: 420 ft  Lat: N 31° 43' 59"   Lon: W 086° 21' 16"

                  Temperature (°F), Rain (in), Wind Speed (mph)

                                      Heat  Cool        Avg
    Mean                              Deg   Deg         Wind                 Dom
Day Temp  High   Time   Low    Time   Days  Days  Rain  Speed High   Time    Dir
----------------------------------------------------------------------------------
 1  52.3  64.8  12:58p  42.3   6:05a  12.6   0.0  0.00   0.7   8.0  12:03p    NW
 2  58.5  72.1   2:02p  46.1   7:03a   7.7   1.2  0.00   1.9  11.0  10:42a   SSW
 3  64.5  75.2   1:36p  56.8   2:26a   2.5   2.0  0.17   2.5  12.0   2:01p     S
 4  68.0  76.7   1:12p  64.0  12:18a   0.1   3.1  0.29   2.8  20.0   3:01p     S
 5  73.2  80.3   2:03p  68.6  12:01a   0.0   8.2  0.00   3.6  19.0   1:51p     S
 6  72.9  82.1  12:32p  55.1  11:59p   0.9   8.8  0.20   4.6  21.0  11:19a   SSW
 7  46.4  55.2  12:00a  43.9   8:15a  18.6   0.0  0.19   3.4  14.0   2:40a   NNW
 8  60.0  72.7   2:47p  46.8  12:00a   6.8   1.8  0.00   2.1  16.0   2:41p   SSE
 9  64.1  70.5   7:49a  56.8  11:03p   2.5   1.5  0.05   2.8  13.0   6:55a     W
10  46.2  60.6   2:59a  34.5  11:07p  18.8   0.0  0.07   4.1  24.0   8:57a   NNW
11  45.8  63.9   2:36p  32.3   6:13a  19.2   0.0  0.01   1.9   9.0   5:12a   NNE
12  43.7  55.0  12:47p  32.8  11:59p  21.3   0.0  0.00   3.5  17.0  12:14p     N
13  42.8  57.5   2:21p  28.4   5:32a  22.2   0.0  0.00   1.1  12.0  10:46a    SE
14  60.2  73.3   2:30p  46.1  12:00a   5.7   1.0  0.18   3.1  16.0   6:32a     S
15  42.1  52.8  12:00a  32.9  10:38p  22.9   0.0  0.00   4.6  20.0   3:16a   NNW
16  41.9  61.8   3:04p  30.1   6:48a  23.1   0.0  0.00   1.3   9.0  10:52a   NNW
17  46.6  65.5   2:06p  31.1   5:52a  18.4   0.0  0.01   1.3  12.0  12:02p     W
18  47.1  63.6   2:57p  36.4  11:38p  17.9   0.0  0.00   1.4  13.0  11:21a     N
19  49.0  67.1   1:40p  33.9   6:47a  16.1   0.1  0.00   1.4  14.0   9:33a   SSE
20  58.6  72.4   2:21p  45.1   1:46a   7.3   0.9  0.00   2.1  13.0  12:57p   SSE
21  70.8  76.5  12:52p  61.8  12:10a   0.2   6.0  0.06   6.9  25.0   9:28p     S
22  63.9  73.8   2:03a  55.3  11:07p   3.9   2.8  2.24   4.0  22.0  12:57a   SSW
23  48.7  55.3  12:00a  38.1  11:58p  16.3   0.0  0.03   3.8  18.0   9:13p   NNW
24  38.4  49.8   1:49p  29.4  11:12p  26.6   0.0  0.00   4.0  19.0  10:59a   NNW
25  38.5  52.7   2:12p  26.9   6:40a  26.5   0.0  0.00   1.5  10.0  10:24a   NNE
26  43.8  54.5   1:44p  35.4   6:50a  21.2   0.0  0.00   1.8  13.0  12:25p     N
27  46.4  58.4   1:40p  37.9   6:34a  18.6   0.0  0.00   1.5   9.0  10:21a   NNE
28  45.1  48.2  11:16p  42.9   7:48a  19.9   0.0  1.20   1.7  15.0  10:48a     E
29  46.4  54.0   3:18p  37.9  11:20p  18.6   0.0  0.00   2.0  12.0   8:54a    NW
30  45.8  53.9   1:11p  35.9   2:02a  19.2   0.0  0.01   0.6   9.0  10:52p   WSW
31  44.1  48.1  12:00a  41.0  10:51p  20.9   0.0  0.00   2.1  12.0   8:01a     N
----------------------------------------------------------------------------------
    52.1  82.1     6    26.9    25   436.5  37.4  4.71   2.6  25.0    21       W

Max >=  80.0:  2
Max <=  32.0:  0
Min <=  32.0:  5
Min <=   0.0:  0
Max Rain: 2.24 on day 22
Days of Rain: 14 (>= 0.01 in)  7 (>= 0.10 in)  2 (>= 1.00 in)
Heat Base: 65.0  Cool Base: 65.0  Method: Integration