NOAA-Style Climate Reports

Select a Year or Month report
2017: Jan Feb Mar Apr May Jun Jul Aug Sep Oct Nov Dec
2016: Jan Feb Mar Apr May Jun Jul Aug Sep Oct Nov Dec
2015: Jan Feb Mar Apr May Jun Jul Aug Sep Oct Nov Dec
2014: Jan Feb Mar Apr May Jun Jul Aug Sep Oct Nov Dec
2013: Jan Feb Mar Apr May Jun Jul Aug Sep Oct Nov Dec

Report for 2013 November
                   Monthly Climatological Summary for Nov 2013

Name: BeeWeather.com   City: West Central Crenshaw County   State: Alabama
Elevation: 420 ft  Lat: N 31° 43' 59"   Lon: W 086° 21' 16"

                  Temperature (°F), Rain (in), Wind Speed (mph)

                                      Heat  Cool        Avg
    Mean                              Deg   Deg         Wind                 Dom
Day Temp  High   Time   Low    Time   Days  Days  Rain  Speed High   Time    Dir
----------------------------------------------------------------------------------
 1  67.6  72.4   4:39a  55.2  11:58p   1.1   3.7  0.32   2.2  14.0   2:58a    SW
 2  59.4  74.3   1:52p  48.8   5:28a   7.4   1.8  0.01   2.4  19.0   4:23p    NW
 3  53.9  69.5   2:49p  42.7   6:22a  12.1   0.6  0.00   2.1  13.0  10:35a     N
 4  57.1  73.5   2:12p  42.7   6:23a   9.5   1.5  0.00   1.9  16.0   9:00a   ESE
 5  59.9  74.8   1:09p  48.7   6:31a   7.1   2.0  0.00   2.2  18.0   1:58p   ESE
 6  65.5  78.3   2:22p  55.1  12:00a   2.8   3.3  0.00   2.0  15.0  12:41p    SE
 7  57.6  64.7   8:49a  44.5  11:56p   7.4   0.0  0.08   3.4  19.0  12:00p   NNW
 8  50.1  66.3   3:03p  39.9   5:58a  15.0   0.0  0.00   2.6  14.0   7:44a     N
 9  56.3  72.0   1:55p  41.9   6:21a   9.6   0.9  0.00   1.2  10.0  10:22a     E
10  60.4  77.1   2:51p  49.9  11:48p   6.7   2.2  0.00   1.6  11.0  11:40a     N
11  58.5  76.6  12:45p  46.6   6:10a   9.0   2.5  0.00   0.9   8.0   1:13p   NNE
12  52.6  73.1  12:30p  37.5  11:59p  13.5   1.2  0.00   4.5  26.0   2:45p   NNW
13  40.2  55.9   2:21p  29.7   5:37a  24.8   0.0  0.00   2.7  16.0  12:46p     N
14  46.8  65.8   1:54p  29.6   5:28a  18.2   0.0  0.00   1.4  11.0   9:21a   ESE
15  58.4  67.4  12:52p  49.5  12:00a   6.8   0.1  0.05   2.2  17.0  12:56p    SE
16  65.0  76.0   2:25p  56.4   1:51a   2.7   2.7  0.00   2.0  10.0   9:02a    SE
17  70.6  76.4   3:33p  66.2   3:17a   0.0   5.6  0.01   3.1  14.0   7:59a   SSE
18  70.3  82.9   1:45p  53.4  11:56p   1.6   6.8  0.02   3.3  19.0   6:55a   NNW
19  53.0  66.7   1:37p  43.2  11:55p  12.1   0.1  0.00   2.6  17.0   8:14a     N
20  54.3  67.6   1:42p  40.9   3:35a  10.9   0.2  0.00   2.2  14.0   4:13p   ESE
21  60.6  69.6   1:49p  53.7   1:22a   5.0   0.6  0.00   1.7  12.0  12:25a   ESE
22  63.2  69.7   1:31p  56.7   3:26a   2.8   1.1  0.00   1.4  11.0   6:42p     E
23  58.6  63.9   9:23a  47.1  11:58p   6.4   0.0  0.00   3.8  18.0   6:47p   NNW
24  43.7  55.5   2:16p  36.9   9:59p  21.3   0.0  0.00   3.8  21.0   8:21a     N
25  48.8  57.9   2:35p  38.0  12:59a  16.2   0.0  0.01   3.6  15.0   8:53a    SE
26  51.9  60.3   8:36a  44.7   1:14p  13.1   0.0  1.02   4.2  21.0  12:09p     N
27  38.9  46.1   2:39p  28.6  11:44p  26.1   0.0  0.24   5.6  25.0   7:57a   NNW
28  36.0  51.9   2:25p  25.1   6:21a  29.0   0.0  0.00   1.9  11.0  10:52a     N
29  43.2  63.2   3:07p  30.3   2:59a  21.8   0.0  0.00   1.4  12.0   1:25p   NNE
30  48.2  68.2   2:24p  32.8   3:55a  17.1   0.3  0.00   1.2  11.0  10:20a     E
----------------------------------------------------------------------------------
    55.0  82.9    18    25.1    28   337.1  37.2  1.76   2.5  26.0    12     NNE

Max >=  80.0:  1
Max <=  32.0:  0
Min <=  32.0:  5
Min <=   0.0:  0
Max Rain: 1.02 on day 26
Days of Rain: 9 (>= 0.01 in)  3 (>= 0.10 in)  1 (>= 1.00 in)
Heat Base: 65.0  Cool Base: 65.0  Method: Integration