NOAA-Style Climate Reports


Report for 2013 August
                   Monthly Climatological Summary for Aug 2013

Name: BeeWeather.com   City: West Central Crenshaw County   State: Alabama
Elevation: 420 ft  Lat: N 31° 43' 59"   Lon: W 086° 21' 16"

                  Temperature (°F), Rain (in), Wind Speed (mph)

                                      Heat  Cool        Avg
    Mean                              Deg   Deg         Wind                 Dom
Day Temp  High   Time   Low    Time   Days  Days  Rain  Speed High   Time    Dir
----------------------------------------------------------------------------------
 1  78.8  90.8   2:20p  71.5   6:39a   0.0  13.4  0.85   1.8  19.0   5:44a   WSW
 2  81.1  92.9   2:46p  72.4   6:15a   0.0  16.2  0.00   1.1   8.0   4:34p   NNW
 3  81.1  92.6   3:55p  71.8   5:47a   0.0  16.1  0.00   1.2  10.0  11:41a    NW
 4  81.4  92.4   2:51p  73.1   6:09a   0.0  16.4  0.00   1.7  13.0   2:26p    NW
 5  80.8  90.5   2:01p  73.3   5:56a   0.0  15.8  0.00   1.9  16.0   2:26p     N
 6  79.7  94.6   4:09p  72.1   6:02a   0.0  14.7  0.05   1.3  12.0   6:42p   WNW
 7  80.9  94.1   4:36p  70.8   5:22a   0.0  15.9  0.35   1.2  11.0   1:22p    SE
 8  80.2  90.3  12:28p  73.9  11:46p   0.0  15.1  0.00   1.3  19.0   5:57p   SSE
 9  79.4  93.7   4:43p  72.4   4:39a   0.0  14.1  0.64   1.8  20.0   5:53p   SSE
10  77.3  91.0   2:49p  70.8   5:44a   0.0  12.3  1.04   1.1  21.0   3:25p    SE
11  80.4  94.0   4:10p  70.7   5:05a   0.0  15.4  0.00   1.1   9.0  10:42a   SSW
12  77.9  91.7   1:34p  71.9   6:01a   0.0  12.9  0.04   1.3  15.0   4:05p    SW
13  78.4  90.3   1:17p  72.4  12:00a   0.0  13.4  0.00   1.8  13.0   1:30p     W
14  77.2  86.8   1:37p  73.6  11:46p   0.0  12.2  0.12   1.4   9.0   1:23p     W
15  76.2  86.5   1:58p  70.6  11:37p   0.0  11.2  0.29   1.4  11.0   6:00p     N
16  72.9  82.0   3:19p  68.8   6:47a   0.0   7.8  0.23   1.6   9.0   1:37p   NNE
17  70.3  72.0   2:52p  68.7   6:09a   0.0   5.3  0.31   1.3  10.0  11:49a     E
18  71.9  76.8   3:14p  69.5   2:05a   0.0   6.9  0.23   1.5  15.0   4:41p    SE
19  76.2  90.3   3:07p  69.3   4:50a   0.0  11.2  0.73   1.6  16.0   5:34p    SE
20  75.7  86.9   2:37p  70.5   5:53a   0.0  10.7  0.01   1.3  12.0   4:44p    SE
21  77.3  90.6   4:47p  69.2   3:10a   0.0  12.3  0.00   1.0  10.0   6:45p   NNE
22  78.4  91.8   3:08p  69.4   6:09a   0.0  13.4  0.00   1.5  18.0   3:44p   ESE
23  78.7  89.9   3:54p  69.1   6:11a   0.0  13.7  0.01   1.5  11.0   4:03p    SE
24  77.9  90.1   2:00p  68.9   5:16a   0.0  12.9  0.06   1.1  12.0  10:36p    SE
25  77.1  87.6   2:20p  68.1  11:55p   0.0  12.1  0.00   2.0  13.0  10:54a   ESE
26  73.2  86.5   4:49p  62.2   6:10a   0.3   8.5  0.01   1.4  12.0  10:03a     E
27  74.1  87.8   4:06p  63.0   6:13a   0.4   9.5  0.00   1.4  11.0  12:04p     N
28  76.8  90.1   3:40p  65.7   5:29a   0.0  11.8  0.01   1.5  10.0  11:25a   NNW
29  78.5  91.1   4:55p  67.0   6:01a   0.0  13.5  0.00   1.4  12.0  12:18p    NW
30  79.8  93.1   2:45p  72.9   3:37a   0.0  14.8  0.00   1.5  20.0   3:32p    NW
31  79.9  93.1   2:42p  72.7   6:25a   0.0  14.9  0.14   1.4  17.0   5:57p     E
----------------------------------------------------------------------------------
    77.7  94.6     6    62.2    26     0.7 394.4  5.12   1.4  21.0    10       E

Max >=  80.0: 29
Max <=  32.0:  0
Min <=  32.0:  0
Min <=   0.0:  0
Max Rain: 1.04 on day 10
Days of Rain: 18 (>= 0.01 in)  11 (>= 0.10 in)  1 (>= 1.00 in)
Heat Base: 65.0  Cool Base: 65.0  Method: Integration