NOAA-Style Climate Reports


Report for 2013 July
                   Monthly Climatological Summary for Jul 2013

Name: BeeWeather.com   City: West Central Crenshaw County   State: Alabama
Elevation: 420 ft  Lat: N 31° 43' 59"   Lon: W 086° 21' 16"

                  Temperature (°F), Rain (in), Wind Speed (mph)

                                      Heat  Cool        Avg
    Mean                              Deg   Deg         Wind                 Dom
Day Temp  High   Time   Low    Time   Days  Days  Rain  Speed High   Time    Dir
----------------------------------------------------------------------------------
 1  77.6  88.5   4:31p  69.4   5:54a   0.0  12.6  0.00   1.4  12.0   8:52a   WNW
 2  78.1  90.7   3:45p  68.1   4:39a   0.0  13.1  0.00   1.1  10.0  12:39p   SSE
 3  73.1  77.1   2:46p  69.6   3:48a   0.0   8.1  0.13   1.5  16.0   4:16p    SE
 4  73.0  75.0   2:56p  71.5   3:02a   0.0   8.0  1.00   4.1  27.0   9:36a   SSE
 5  73.6  77.6  10:17a  71.3   5:04a   0.0   8.6  0.07   3.2  16.0  10:52a   SSE
 6  73.9  76.9   3:25p  72.2  12:00a   0.0   8.9  1.57   1.7  10.0  12:12a    SE
 7  75.5  83.8   1:44p  71.9   5:15a   0.0  10.5  0.53   1.4  20.0   4:04p   SSE
 8  77.7  91.5   4:49p  71.4   3:36a   0.0  12.7  1.87   1.5  18.0   5:43p     S
 9  77.1  90.9   2:45p  69.4   5:01a   0.0  12.1  0.00   1.1  13.0   3:34p    SW
10  78.0  88.9   1:06p  72.6   5:40a   0.0  13.0  0.01   1.7  19.0   1:36p     W
11  77.2  85.0   3:31p  72.4   5:16a   0.0  12.2  0.00   1.7  13.0   3:21p   WSW
12  77.1  89.9   3:43p  70.8  11:55p   0.0  12.1  0.46   1.7  25.0   4:48p   WNW
13  74.6  88.5   4:13p  67.7  11:20p   0.0   9.5  1.84   1.8  28.0   4:33p   ESE
14  75.1  85.4   1:18p  68.3  12:00a   0.0   9.8  0.23   1.6  16.0   4:08p   ESE
15  77.9  89.5   5:21p  72.4  11:32p   0.0  12.9  0.25   2.3  17.0   6:14p   ESE
16  79.6  90.2   4:21p  72.1   1:02a   0.0  14.6  0.00   2.1  15.0  12:32p    SE
17  81.5  93.1   4:35p  71.0   6:01a   0.0  16.5  0.01   1.4  16.0  10:50p     E
18  79.2  92.2   4:22p  67.6   6:20a   0.0  14.2  0.01   1.4  14.0  12:21a    SE
19  78.7  91.3   2:37p  70.0   5:26a   0.0  13.6  0.00   1.1  12.0   5:01p   SSW
20  77.8  86.0   4:49p  71.8   3:05a   0.0  12.8  0.02   2.3  12.0  10:36a     S
21  77.4  88.1   3:20p  72.9  11:56p   0.0  12.4  0.27   2.0  13.0   4:29p    SW
22  76.5  88.0   1:15p  71.7   1:12a   0.0  11.5  0.21   2.4  17.0   3:44p    SW
23  76.7  89.9   2:05p  69.4  10:26p   0.0  11.7  0.32   2.4  27.0   4:21p   WSW
24  74.0  86.5  12:37p  69.0   5:01a   0.0   9.0  0.38   1.5  14.0   5:34p     W
25  79.1  91.2   3:45p  69.8   4:15a   0.0  14.1  0.00   1.6  10.0   4:31p   NNW
26  79.1  91.1   4:02p  68.8   6:22a   0.0  14.0  0.00   1.3  11.0  12:14p   WNW
27  75.3  87.1   1:54p  70.4   5:34a   0.0  10.1  0.59   0.8  17.0   2:51p     S
28  77.7  89.6   4:37p  71.4  12:00a   0.0  12.3  0.08   1.1   8.0   9:43a    SE
29  80.4  93.6   4:36p  71.3   1:19a   0.0  15.3  0.00   1.1  11.0  12:20p   ESE
30  81.8  94.1   4:41p  72.6   6:08a   0.0  16.7  0.03   1.1   8.0  12:38p     S
31  77.5  89.0  11:50a  73.4   9:39p   0.0  12.4  0.41   1.8  14.0  12:26p   SSW
----------------------------------------------------------------------------------
    77.2  94.1    30    67.6    18     0.0 375.3 10.29   1.7  28.0    13       S

Max >=  80.0: 27
Max <=  32.0:  0
Min <=  32.0:  0
Min <=   0.0:  0
Max Rain: 1.87 on day 8
Days of Rain: 22 (>= 0.01 in)  15 (>= 0.10 in)  4 (>= 1.00 in)
Heat Base: 65.0  Cool Base: 65.0  Method: Integration