NOAA-Style Climate Reports


Report for 2021 January
                   Monthly Climatological Summary for Jan 2021

Name: BeeWeather.com   City: West Central Crenshaw County   State: Alabama
Elevation: 420 ft  Lat: N 31° 43' 59"   Lon: W 086° 21' 16"

                  Temperature (°F), Rain (in), Wind Speed (mph)

                                      Heat  Cool        Avg
    Mean                              Deg   Deg         Wind                 Dom
Day Temp  High   Time   Low    Time   Days  Days  Rain  Speed High   Time    Dir
----------------------------------------------------------------------------------
 1  67.0  70.7  12:37a  55.4  11:43p   1.3   3.3  0.96   4.3  25.0   2:16a   SSE
 2  56.5  67.6  12:48p  46.6  11:59p   8.7   0.1  0.00   1.6  18.0  10:47p     W
 3  47.5  58.2   2:43p  37.8  11:58p  17.5   0.0  0.00   3.3  16.0   1:54a   WNW
 4  47.5  64.3   1:53p  32.9   6:31a  17.5   0.0  0.00   1.1  11.0   1:29p   WSW
 5  51.1  65.4   2:15p  41.2  11:57p  13.9   0.0  0.00   2.4  17.0   1:32p   WNW
 6  45.9  59.3   3:07p  34.9   6:53a  19.1   0.0  0.00   1.3   9.0  12:59p   NNE
 7  47.5  50.1   6:02p  41.5  12:34a  17.5   0.0  0.32   2.8  18.0  12:24p   ENE
 8  43.5  48.0  12:00a  40.4  11:49p  21.5   0.0  0.00   4.9  20.0  11:50a     W
 9  39.6  41.5   2:31p  37.0  11:56p  25.4   0.0  0.00   4.6  21.0   3:53a   WNW
10  39.8  46.6   2:24p  34.3   4:15a  25.2   0.0  0.00   1.4  11.0  12:59a   NNW
11  43.7  46.9   3:21p  39.8   6:52a  21.3   0.0  0.64   2.6  12.0   1:35p    NW
12  41.2  44.9  12:00a  37.8  11:41p  23.8   0.0  0.01   3.2  15.0  10:23a   WNW
13  41.1  54.6   2:20p  32.7  11:59p  23.9   0.0  0.00   1.4  11.0   8:17a     W
14  46.0  62.1   2:37p  30.6   6:56a  19.0   0.0  0.00   2.6  17.0   2:50p     S
15  51.1  61.4   1:54p  34.6  11:58p  13.9   0.0  0.00   3.5  19.0   2:12p   WSW
16  40.9  53.2   2:29p  31.7  11:16p  24.1   0.0  0.00   2.8  19.0  12:21p   WSW
17  42.2  58.7   2:50p  27.7   6:48a  22.8   0.0  0.00   1.9  14.0  11:15a   SSW
18  45.2  61.9   1:44p  31.4   6:03a  19.8   0.0  0.00   1.4  14.0  12:46p   WSW
19  49.9  70.1   2:19p  31.5   5:17a  15.7   0.6  0.00   1.1   9.0  10:08a   SSE
20  56.4  67.9   2:28p  49.0  12:00a   8.7   0.2  0.00   1.6  11.0  12:12p   WNW
21  58.8  64.6   2:44p  50.9  12:33a   6.2   0.0  0.11   1.9  16.0  12:38p   SSW
22  58.7  61.6   2:02p  54.8  11:53p   6.3   0.0  0.85   1.0   9.0   8:26p   NNW
23  54.9  67.6   2:38p  43.8   7:09a  10.3   0.2  0.01   1.4  10.0   3:00p   NNE
24  58.6  70.0   2:28p  46.6   2:59a   7.0   0.7  0.00   2.5  14.0  12:00p   ESE
25  67.8  76.7  12:07p  60.4  12:07a   1.4   4.2  0.00   5.0  25.0  12:51p   SSE
26  67.3  72.6   1:45p  59.6   8:33p   1.1   3.4  0.24   2.3  14.0  11:31a     W
27  58.4  69.7   3:09p  47.0  11:56p   7.0   0.3  0.05   3.6  25.0  10:07p   WNW
28  45.3  54.6   3:18p  37.0  11:56p  19.7   0.0  0.00   5.1  22.0  10:59a    NW
29  45.3  64.1   3:29p  31.4   6:32a  19.7   0.0  0.00   1.7   9.0   1:31p    NW
30  51.5  65.1   1:28p  36.9   1:43a  13.5   0.0  0.00   3.3  19.0   3:16p    SE
31  61.3  70.7   4:04p  47.3  11:58p   4.3   0.6  0.38   4.2  28.0  11:25p    SW
----------------------------------------------------------------------------------
    50.7  76.7    25    27.7    17   457.1  13.6  3.57   2.6  28.0    31       W

Max >=  80.0:  0
Max <=  32.0:  0
Min <=  32.0:  6
Min <=   0.0:  0
Max Rain: 0.96 on day 1
Days of Rain: 10 (>= 0.01 in)  7 (>= 0.10 in)  0 (>= 1.00 in)
Heat Base: 65.0  Cool Base: 65.0  Method: Integration