NOAA-Style Climate Reports


Report for 2020 October
                   Monthly Climatological Summary for Oct 2020

Name: BeeWeather.com   City: West Central Crenshaw County   State: Alabama
Elevation: 420 ft  Lat: N 31° 43' 59"   Lon: W 086° 21' 16"

                  Temperature (°F), Rain (in), Wind Speed (mph)

                                      Heat  Cool        Avg
    Mean                              Deg   Deg         Wind                 Dom
Day Temp  High   Time   Low    Time   Days  Days  Rain  Speed High   Time    Dir
----------------------------------------------------------------------------------
 1  68.2  86.2   3:35p  52.8   6:27a   3.6   6.8  0.00   1.5  12.0  12:39p     W
 2  61.9  75.6   3:00p  51.0   6:59a   6.1   2.9  0.00   2.3  22.0  12:51p    NW
 3  61.3  78.5   3:28p  47.7   6:21a   7.1   3.5  0.00   1.4  12.0  11:16a   NNW
 4  63.2  77.0   2:05p  52.2   6:36a   5.0   3.2  0.00   1.3  12.0   2:15p   NNW
 5  66.3  82.1   4:08p  54.4   6:52a   3.5   4.8  0.00   1.2  11.0  11:02a     N
 6  70.3  79.6   2:26p  61.1   1:32a   0.9   6.2  0.00   1.2  10.0  10:02a   NNE
 7  77.0  90.6   3:49p  67.2   6:46a   0.0  12.0  0.00   0.9   9.0   4:02p     N
 8  76.6  89.0   3:05p  68.3   6:25a   0.0  11.6  0.00   0.9   9.0  10:54a   NNE
 9  76.8  85.8   1:57p  72.6   6:06a   0.0  11.8  0.47   1.4  12.0   1:36p     E
10  76.0  79.1   5:09p  74.0   1:01a   0.0  11.0  2.11   5.2  21.0   9:45a    SE
11  74.0  78.1   3:42p  69.3  11:47p   0.0   9.0  0.00   2.1  13.0  10:54a     S
12  75.3  88.6   4:31p  67.5   3:04a   0.0  10.3  0.00   0.8  11.0   1:52p     W
13  73.7  86.3   3:34p  61.1  11:57p   0.2   8.8  0.00   1.7  11.0   1:24p   WNW
14  67.3  83.3   3:32p  53.2   7:07a   3.1   5.4  0.00   1.2   9.0  10:01a     E
15  70.9  85.5   4:10p  59.8   6:35a   1.1   7.0  0.00   1.0  15.0   1:43p   SSW
16  63.7  74.1   1:28p  52.3  11:58p   2.8   1.5  0.00   2.5  16.0   2:15p    NW
17  59.5  76.0   4:18p  46.3   6:59a   7.8   2.2  0.00   1.7  13.0  10:03a   NNE
18  66.5  84.3   4:18p  54.4   6:55a   3.6   5.1  0.00   1.3  10.0  11:16a     E
19  70.3  85.0   2:56p  60.8   7:11a   1.0   6.2  0.00   1.2  11.0   8:45a   ENE
20  70.9  82.7   2:15p  62.0   4:13a   0.7   6.6  0.00   0.9  10.0  11:13a   NNE
21  73.5  85.7   2:46p  64.8   5:44a   0.0   8.5  0.01   1.1  11.0   3:19p    NE
22  74.1  85.3   3:28p  66.7   6:28a   0.0   9.1  0.00   1.2  12.0   9:59a   ENE
23  75.3  86.5   1:25p  67.5   6:55a   0.0  10.3  0.00   1.7  13.0   1:40p     E
24  70.7  75.4   4:03p  68.2  10:56p   0.0   5.7  0.64   0.6   9.0  10:29a   ESE
25  71.8  82.3   2:55p  67.3   7:02a   0.0   6.8  0.00   1.3   9.0   1:19p   WNW
26  74.1  85.9   3:15p  66.9   7:39a   0.0   9.1  0.00   1.2   9.0  12:36p    NE
27  75.0  81.1   2:45p  71.4  12:22a   0.0  10.0  0.43   2.2  13.0   8:57a   ENE
28  77.9  82.9  12:24p  74.8  12:00a   0.0  12.9  0.18   4.1  34.0  11:49p   ESE
29  72.8  83.4  12:30p  50.6  11:57p   2.0   9.8  0.05   5.8  39.0  12:34a   SSW
30  55.5  67.7   3:50p  49.1   1:30a   9.7   0.2  0.00   4.2  19.0   2:39a    NW
31  59.1  75.2   2:51p  46.5   6:29a   7.8   1.9  0.00   1.5  13.0  11:32a    NE
----------------------------------------------------------------------------------
    70.0  90.6     7    46.3    17    66.0 220.2  3.89   1.8  39.0    29      NE

Max >=  80.0: 20
Max <=  32.0:  0
Min <=  32.0:  0
Min <=   0.0:  0
Max Rain: 2.11 on day 10
Days of Rain: 7 (>= 0.01 in)  5 (>= 0.10 in)  1 (>= 1.00 in)
Heat Base: 65.0  Cool Base: 65.0  Method: Integration